d b.
15
Suppose -26*p + 10042 - 994 = 0. What is the greatest common divisor of p and 464?
116
Let a(d) = 2 + 3 - 3*d + 2. Let s be ((-2)/4)/(237/(-30) - -8). Let x be a(s). Calculate the greatest common divisor of x and 44.
22
Let g = 781 + -446. What is the greatest common factor of 10 and g?
5
Let i = 7 + -7. Suppose 96 = -i*o + 4*o. Suppose 0 = -2*x - 2*x + o. What is the greatest common factor of x and 6?
6
Let d = -705 - -716. What is the highest common factor of 473 and d?
11
Suppose -63 = -2*c - 5*c. Suppose -50 = 4*g - c*g. Calculate the highest common factor of 10 and g.
10
Let c = -3319 + 7189. Calculate the highest common divisor of 10 and c.
10
Suppose -20*a + 55 = -9*a. Calculate the greatest common divisor of a and 80.
5
Suppose 2*x - 12 = -0. Let z be (26/3)/(2/x). What is the highest common factor of 65 and z?
13
Suppose v - 5 - 130 = 0. Let t be (-842)/(-4) + (v/10)/(-9). What is the highest common divisor of 19 and t?
19
Suppose 23*x - 16*x - 2198 = 0. Suppose -3*c + 2*p + x = -c, 3*p = 9. Calculate the highest common divisor of c and 40.
40
Let u = 27 + -25. Suppose -2*s + 406 = 3*n + u*n, 3*n = s + 237. What is the greatest common divisor of 32 and n?
16
Let i = 1 - 0. Let k be 1048/(-786) - 10/(-3). Calculate the greatest common divisor of k and i.
1
Let w(h) = -h**3 - 9*h**2 - 6*h + 13. Let l be w(-9). What is the highest common divisor of l and 737?
67
Let u = -741 - -753. What is the highest common factor of u and 912?
12
Let d be ((-8)/(-12))/(2/744). Suppose -2*i + 69 = h, -2 + d = 4*h - 2*i. Let z = 83 - 41. What is the greatest common factor of z and h?
21
Let h(a) = 2*a**2 + 6*a + 19. Let c be h(-6). Suppose 4*v - 4*y = y - 27, 0 = -3*y - 15. Let d = -8 - v. Calculate the highest common divisor of c and d.
5
Let k = -15 - -17. Suppose k*a = 7*a - 210. What is the highest common divisor of a and 14?
14
Suppose 3*m + 10 = 8*m. Suppose -102 = -v - 2*j - j, 2*v + m*j = 196. Calculate the highest common factor of v and 24.
24
Let o(f) = 45*f - 3. Let w be o(2). What is the greatest common factor of 609 and w?
87
Let t(a) be the third derivative of a**6/120 - 7*a**5/30 - 5*a**4/8 + 3*a**3 - 8*a**2. Let w be t(15). What is the highest common factor of 162 and w?
18
Let g be (-4942)/(-9) + -2*(-1)/(-18). Calculate the greatest common divisor of g and 6.
3
Suppose 4*d + 56*g = 58*g + 534, -d = 3*g - 144. What is the highest common factor of 225 and d?
45
Let o = -29 + 30. Let t(w) = w**2 - 6*w + 1. Suppose 0 = -2*s - 4 + 18. Let z be t(s). Calculate the greatest common divisor of o and z.
1
Suppose -3*h = 3 - 6, -84 = -2*w + 4*h. Suppose -5*c = -0*u - 4*u - 291, -5*c = 4*u + 261. Let o = 91 + u. Calculate the highest common divisor of o and w.
22
Let h be 1 - 2217/(-4) - 2/8. Calculate the greatest common factor of 15 and h.
15
Let i = -34 - -37. Suppose 3*u = -i*u. Suppose u = -v + 9 + 11. What is the highest common factor of v and 220?
20
Let o be (0/(-2))/(3 - 1). Suppose o + 5 = c. Suppose 22*y + 435 = 51*y. Calculate the greatest common factor of c and y.
5
Let n be (-75)/2*18/(-75)*10. What is the highest common divisor of 10 and n?
10
Let m be 3/5 - 49/(-35). Suppose d + 6*h + 2 = h, -d + 12 = -m*h. What is the greatest common divisor of d and 4?
4
Let m be (-76)/(-5) - (-3)/(-15). Let k = -120 - -225. What is the greatest common divisor of m and k?
15
Suppose y + 4*y = 0. Suppose y = q + 2*q - 258. Suppose t = 3*r + 2*t - q, -t + 30 = r. Calculate the highest common factor of r and 42.
14
Let d(t) = -t**3 + 11*t**2 - 8*t - 17. Let i be d(10). What is the greatest common divisor of 9 and i?
3
Suppose 1 = 4*g - 3*c, 16 = 3*g + c - 1. Suppose g = v - 4. Suppose -v*u = -6*u - 176. What is the greatest common factor of 11 and u?
11
Suppose -2 = k - 0. Let w be (-162)/(-4)*(4 + k). Let t = 730 + -676. Calculate the greatest common factor of w and t.
27
Let f(u) = 2*u**3 - u**2 + 6*u - 19. Let v be f(5). Suppose 6*k - k = 3*y + 287, -4*k - 4*y + v = 0. Calculate the highest common divisor of 406 and k.
58
Suppose 75*d - 76*d + 1 = 0. What is the greatest common factor of 53 and d?
1
Let k be 4/(-16)*-202 - 1/2. Let t be (-3 - (-1 - k))*(-3)/(-9). What is the greatest common factor of 8 and t?
8
Let n(f) = 17*f**2 + 1. Let q be n(1). Let t = -73 + 74. Let h be (-1*1)/(t/(-2)). Calculate the highest common divisor of q and h.
2
Suppose b - 21 = 11. Suppose -60 = -6*s + 36. Calculate the greatest common divisor of s and b.
16
Let i = 5 + 1. Let n(k) = -2*k**3 - k**2 + 4*k + 6. Let a be n(-4). Suppose -a = -5*c + 48. What is the highest common factor of i and c?
6
Let f = 234 + -44. Calculate the highest common factor of f and 76.
38
Let w = 55 + 83. Calculate the highest common factor of w and 46.
46
Suppose 57*d - 95472 = 18*d. Calculate the greatest common divisor of d and 51.
51
Let f be 9/2 + 3/6. Suppose 5*x - 7 = t, -2*x = -0*x + f*t + 8. What is the highest common factor of x and 5?
1
Let f be (2/(-3))/((-10)/15). Let u(z) = 1 - 3*z + f - z + z. Let a be u(-10). Calculate the greatest common divisor of 16 and a.
16
Let z(d) = -16*d + 5. Let v(m) = 15*m - 4. Let t(l) = -6*v(l) - 5*z(l). Let k be t(8). Let s be 9/(k/30)*-6. Calculate the highest common factor of 10 and s.
10
Suppose 5*s + 31 = 121. Suppose 3*k = 2*k + s. Suppose -29*c - 576 = -37*c. Calculate the greatest common divisor of k and c.
18
Let z(y) = -3*y**3 - y**2 - 14*y - 34. Let f be z(-2). Calculate the highest common divisor of f and 378.
14
Suppose q = 5*f - 3 + 33, 4*q = f + 82. What is the highest common factor of 380 and q?
20
Suppose 0*a + a + 3*y - 81 = 0, -a + 69 = -3*y. Let w(p) = 31*p**2 - 1. Let m be w(-1). Calculate the greatest common factor of a and m.
15
Let f = -1309 + 1327. Calculate the greatest common divisor of 288 and f.
18
Let k be ((-28)/10)/(5 - (-234)/(-45)). Calculate the greatest common divisor of 4 and k.
2
Let r = -16 - -27. Suppose 25 = 3*q - 2*l, l = q + 2*l - 15. What is the greatest common factor of r and q?
11
Suppose 0*l - 24 = -4*l. Let p be (20/l)/(20/(-210)). Let v = p - -75. What is the greatest common divisor of 16 and v?
8
Suppose -2*s - 253*l + 249*l = -236, 4*s + l = 500. What is the greatest common divisor of 18 and s?
18
Let w be 42/8 - (-3)/(-12). Let l = w - 4. Suppose 0 = 2*v - l - 5, -b = -5*v + 1. What is the highest common divisor of b and 14?
14
Let m(l) = -l**2 + l + 5. Let x be m(4). Let d = 7 + x. Let j be (31 - 9) + (0 - d). What is the highest common factor of 242 and j?
22
Let w = 152 + -150. Let s = -9 - -13. Suppose 28 = w*m - s. What is the greatest common divisor of 4 and m?
4
Let u be 1/5 - (2 + (-177)/15). Suppose 0 = -u*q + 27 - 7. What is the highest common divisor of q and 3?
1
Let t be 2/2 - (-24)/3. Suppose -x - 3*y = -4*y - t, 2*x + y - 33 = 0. Let b = x - 9. What is the highest common divisor of 35 and b?
5
Let s(b) = 2*b**2 + 21*b + 239. Let g be s(-13). Calculate the greatest common divisor of g and 32.
16
Let b = -1 + -1. Let p be 5/((-1)/b - 0). Let o be 20/(-2)*(-2)/(-4)*-10. What is the highest common factor of o and p?
10
Suppose 0 = 7*h - h - 48. Let n = h + 1. Let x = 10 + n. What is the highest common factor of x and 19?
19
Let m = -61 - -105. What is the highest common divisor of 286 and m?
22
Let j = 203 - 82. Suppose -2*k + 3*s + 21 + 1 = 0, -22 = -2*k - 4*s. Calculate the highest common divisor of j and k.
11
Let v = -5 + 50. What is the greatest common factor of v and 54?
9
Suppose 3*j = 12, 2*n + 0*n - 66 = -5*j. Calculate the greatest common factor of 506 and n.
23
Let w = -359 - -365. What is the highest common divisor of w and 42?
6
Suppose 0 = 2*j - 738 + 274. Suppose 22 = -p + j. Let h(x) = -4*x + 14. Let r be h(-4). Calculate the highest common factor of p and r.
30
Let m be ((-1660)/6)/((-146)/219). Calculate the greatest common divisor of 747 and m.
83
Suppose -3*c = -31 - 5. What is the greatest common factor of c and 36?
12
Suppose 27 - 1 = x. Suppose -3*u - u = 20. Let r be 4/u + (-3522)/(-15). Calculate the greatest common factor of x and r.
26
Let t = 20 - 29. Let y(f) = -f**2 - 11*f - 1. Let k be y(t). Suppose 4*c - 143 = k. What is the highest common divisor of c and 16?
8
Suppose -7*t = -22*t + 47160. Let g be t/21 + (-9)/((-126)/4). What is the gr